{"id":286,"date":"2026-05-11T08:23:36","date_gmt":"2026-05-11T06:23:36","guid":{"rendered":"https:\/\/www.humeurs.be\/boutique\/?post_type=product&#038;p=286"},"modified":"2026-05-11T15:43:54","modified_gmt":"2026-05-11T13:43:54","slug":"de-gre-ou-de-force-le-choix-de-franz-2026","status":"publish","type":"product","link":"https:\/\/www.humeurs.be\/boutique\/produit\/de-gre-ou-de-force-le-choix-de-franz-2026\/","title":{"rendered":"De gr\u00e9 ou de force &#8211; Le choix de Franz (2026)"},"content":{"rendered":"<p><strong>De gr\u00e9 ou de force &#8211; Le choix de Franz<\/strong><\/p>\n<p>En juin 1940, Franz, soldat de l\u2019arm\u00e9e belge d\u00e9mobilis\u00e9, rentre \u00e0 Malmedy et d\u00e9couvre sa ville pavois\u00e9e aux couleurs nazies. Les Cantons de l\u2019Est de la Belgique, dont il est originaire, ont \u00e9t\u00e9 annex\u00e9s au Grand Reich nazi par Hitler. Arr\u00eat\u00e9 quelques mois plus tard pour des faits de r\u00e9sistance, il est enr\u00f4l\u00e9 de force dans l\u2019arm\u00e9e allemande et envoy\u00e9 sur le front russe.<\/p>\n<p>En suivant le destin de Franz, les auteurs nous embarquent dans une aventure grand format dans un pass\u00e9 historique aux reflets tr\u00e8s contemporains. Une aventure qui fera voyager les lecteurs des confins de l\u2019Europe jusqu\u2019au Moyen-Orient.<\/p>\n<p><em>Un r\u00e9cit inspir\u00e9 de t\u00e9moignages r\u00e9els.<\/em><\/p>\n<p><strong>Plongez dans une aventure m\u00e9connue de la grande Histoire !<\/strong><\/p>\n","protected":false},"excerpt":{"rendered":"<p><strong>De gr\u00e9 ou de force &#8211; Le choix de Franz<\/strong><\/p>\n<p>En juin 1940, Franz, soldat de l\u2019arm\u00e9e belge d\u00e9mobilis\u00e9, rentre \u00e0 Malmedy et d\u00e9couvre sa ville pavois\u00e9e aux couleurs nazies. Les Cantons de l\u2019Est de la Belgique, dont il est originaire, ont \u00e9t\u00e9 annex\u00e9s au Grand Reich nazi par Hitler. Arr\u00eat\u00e9 quelques mois plus tard pour des faits de r\u00e9sistance, il est enr\u00f4l\u00e9 de force dans l\u2019arm\u00e9e allemande et envoy\u00e9 sur le front russe.<\/p>\n<p>En suivant le destin de Franz, les auteurs nous embarquent dans une aventure grand format dans un pass\u00e9 historique aux reflets tr\u00e8s contemporains. Une aventure qui fera voyager les lecteurs des confins de l\u2019Europe jusqu\u2019au Moyen-Orient.<\/p>\n<p><em>Un r\u00e9cit inspir\u00e9 de t\u00e9moignages r\u00e9els.<\/em><\/p>\n<p><strong>Plongez dans une aventure m\u00e9connue de la grande Histoire !<\/strong><\/p>\n<p>Editeur : Altura \u00c9ditions<br \/>\nFormat : 23,4 x 32,6 cm<br \/>\nISBN : 9782931190333<br \/>\n64 pages<\/p>\n","protected":false},"featured_media":287,"comment_status":"open","ping_status":"closed","template":"","meta":[],"product_brand":[],"product_cat":[21,22],"product_tag":[31,27,34,32,36,24,35,37],"class_list":{"0":"post-286","1":"product","2":"type-product","3":"status-publish","4":"has-post-thumbnail","6":"product_cat-bd","7":"product_cat-livre","8":"product_tag-bd","9":"product_tag-dessin","10":"product_tag-frederic-moray","11":"product_tag-histoire","12":"product_tag-malmedy","13":"product_tag-oli","14":"product_tag-oli-pirnay","15":"product_tag-ww2","17":"first","18":"instock","19":"taxable","20":"shipping-taxable","21":"purchasable","22":"product-type-simple"},"jetpack_sharing_enabled":true,"_links":{"self":[{"href":"https:\/\/www.humeurs.be\/boutique\/wp-json\/wp\/v2\/product\/286","targetHints":{"allow":["GET"]}}],"collection":[{"href":"https:\/\/www.humeurs.be\/boutique\/wp-json\/wp\/v2\/product"}],"about":[{"href":"https:\/\/www.humeurs.be\/boutique\/wp-json\/wp\/v2\/types\/product"}],"replies":[{"embeddable":true,"href":"https:\/\/www.humeurs.be\/boutique\/wp-json\/wp\/v2\/comments?post=286"}],"wp:featuredmedia":[{"embeddable":true,"href":"https:\/\/www.humeurs.be\/boutique\/wp-json\/wp\/v2\/media\/287"}],"wp:attachment":[{"href":"https:\/\/www.humeurs.be\/boutique\/wp-json\/wp\/v2\/media?parent=286"}],"wp:term":[{"taxonomy":"product_brand","embeddable":true,"href":"https:\/\/www.humeurs.be\/boutique\/wp-json\/wp\/v2\/product_brand?post=286"},{"taxonomy":"product_cat","embeddable":true,"href":"https:\/\/www.humeurs.be\/boutique\/wp-json\/wp\/v2\/product_cat?post=286"},{"taxonomy":"product_tag","embeddable":true,"href":"https:\/\/www.humeurs.be\/boutique\/wp-json\/wp\/v2\/product_tag?post=286"}],"curies":[{"name":"wp","href":"https:\/\/api.w.org\/{rel}","templated":true}]}}