{"id":168,"date":"2022-11-18T18:36:19","date_gmt":"2022-11-18T17:36:19","guid":{"rendered":"https:\/\/www.humeurs.be\/boutique\/?post_type=product&#038;p=168"},"modified":"2025-09-01T04:17:21","modified_gmt":"2025-09-01T02:17:21","slug":"gare-au-crash-les-humeurs-doli-t6-2022","status":"publish","type":"product","link":"https:\/\/www.humeurs.be\/boutique\/produit\/gare-au-crash-les-humeurs-doli-t6-2022\/","title":{"rendered":"Gare au Crash ! &#8211; Les Humeurs d&rsquo;Oli &#8211; T6 (2022)"},"content":{"rendered":"<p>On pensait qu\u2019en tournant la page du <strong>Covid-19<\/strong>, des <strong>masques<\/strong> et des <strong>restrictions<\/strong>, nous retrouverions notre vie d\u2019antan ! Mais c\u2019\u00e9tait sous-estimer les cruels desseins du destin et sa propension \u00e0 innover et trouver pire ! Avec le <strong>r\u00e9chauffement climatique<\/strong> qui se fait toujours plus sentir, <strong>Vladimir Poutine qui attaque l\u2019Ukraine<\/strong>, la crise \u00e9nerg\u00e9tique qui voit tous les prix s\u2019envoler\u2026 Quand tout cela va-t-il finir ?Heureusement, gr\u00e2ce \u00e0 cet album 2022 des Humeurs d\u2019Oli, vous pourrez reparcourir l\u2019ann\u00e9e de fa\u00e7on humoristique au travers des meilleurs dessins d\u2019Oli !\u00a0Restons positifs et esp\u00e9rons que cette fois, le pire est VRAIMENT derri\u00e8re nous !<\/p>\n<p>Parce que sinon\u2026 GARE AU CRASH !<\/p>\n<p>\u00c9diteur : <a href=\"https:\/\/kenneseditions.com\/\" target=\"_blank\" rel=\"noopener\">Kennes Editions<\/a><br \/>\nFormat : 21,5 x 30,5 cm<br \/>\nISBN : 9782380758702<\/p>\n","protected":false},"excerpt":{"rendered":"<p>On pensait qu\u2019en tournant la page du Covid-19, des masques et des restrictions, nous retrouverions notre vie d\u2019antan ! Mais c\u2019\u00e9tait sous-estimer les cruels desseins du destin et sa propension \u00e0 innover et trouver pire ! Avec le r\u00e9chauffement climatique qui se fait toujours plus sentir, Vladimir Poutine qui attaque l\u2019Ukraine, la crise \u00e9nerg\u00e9tique qui [&hellip;]<\/p>\n","protected":false},"featured_media":169,"comment_status":"open","ping_status":"closed","template":"","meta":[],"product_brand":[],"product_cat":[20,30,23,22],"product_tag":[],"class_list":{"0":"post-168","1":"product","2":"type-product","3":"status-publish","4":"has-post-thumbnail","6":"product_cat-cartoon","7":"product_cat-dessin-de-presse","8":"product_cat-humour","9":"product_cat-livre","11":"first","12":"outofstock","13":"taxable","14":"shipping-taxable","15":"purchasable","16":"product-type-simple"},"jetpack_sharing_enabled":true,"_links":{"self":[{"href":"https:\/\/www.humeurs.be\/boutique\/wp-json\/wp\/v2\/product\/168","targetHints":{"allow":["GET"]}}],"collection":[{"href":"https:\/\/www.humeurs.be\/boutique\/wp-json\/wp\/v2\/product"}],"about":[{"href":"https:\/\/www.humeurs.be\/boutique\/wp-json\/wp\/v2\/types\/product"}],"replies":[{"embeddable":true,"href":"https:\/\/www.humeurs.be\/boutique\/wp-json\/wp\/v2\/comments?post=168"}],"wp:featuredmedia":[{"embeddable":true,"href":"https:\/\/www.humeurs.be\/boutique\/wp-json\/wp\/v2\/media\/169"}],"wp:attachment":[{"href":"https:\/\/www.humeurs.be\/boutique\/wp-json\/wp\/v2\/media?parent=168"}],"wp:term":[{"taxonomy":"product_brand","embeddable":true,"href":"https:\/\/www.humeurs.be\/boutique\/wp-json\/wp\/v2\/product_brand?post=168"},{"taxonomy":"product_cat","embeddable":true,"href":"https:\/\/www.humeurs.be\/boutique\/wp-json\/wp\/v2\/product_cat?post=168"},{"taxonomy":"product_tag","embeddable":true,"href":"https:\/\/www.humeurs.be\/boutique\/wp-json\/wp\/v2\/product_tag?post=168"}],"curies":[{"name":"wp","href":"https:\/\/api.w.org\/{rel}","templated":true}]}}